{"id":248,"date":"2021-05-01T00:58:35","date_gmt":"2021-04-30T22:58:35","guid":{"rendered":"https:\/\/www.efrm.info\/efrm\/?page_id=248"},"modified":"2023-05-10T01:16:03","modified_gmt":"2023-05-09T23:16:03","slug":"modelleisenbahn-club-neu-isenburg-e-v","status":"publish","type":"page","link":"https:\/\/www.efrm.info\/efrm\/modelleisenbahn-clubs\/modelleisenbahn-club-neu-isenburg-e-v\/","title":{"rendered":"Modelleisenbahn-Club Neu Isenburg e.V."},"content":{"rendered":"<p><a href=\"https:\/\/www.efrm.info\/efrm\/wp-content\/uploads\/2021\/05\/MECI_Marcus-von-Renthefink-Luftaufnahme-von-den-Waggons.jpg\"><img loading=\"lazy\" decoding=\"async\" class=\"alignleft size-thumbnail wp-image-247\" src=\"https:\/\/www.efrm.info\/efrm\/wp-content\/uploads\/2021\/05\/MECI_Marcus-von-Renthefink-Luftaufnahme-von-den-Waggons-150x150.jpg\" alt=\"\" width=\"150\" height=\"150\" \/><\/a>Wir bauen und betreiben eine Modelleisenbahn in der Nenngr\u00f6\u00dfe H0. Auch der Bau eines Dioramas in der Nenngr\u00f6\u00dfe I und eines in der Nenngr\u00f6\u00dfe N geh\u00f6rt zu unserem Bet\u00e4tigungsfeld.<\/p>\n<p>Daneben betrieben wir eine Gartenbahn in der Nenngr\u00f6\u00dfe G.<\/p>\n<h3 style=\"clear: both;\">Kontakt<\/h3>\n<p style=\"padding-left: 40px;\"><i class=\"dashicons dashicons-email\"><\/i> <a href=\"mailto:info@meci-neu-isenburg.de\">info@meci-neu-isenburg.de<\/a><\/p>\n<p style=\"padding-left: 40px;\"><i class=\"dashicons dashicons-admin-site-alt3\"><\/i> <a href=\"https:\/\/www.meci-neu-isenburg.de\" target=\"_blank\" rel=\"noopener\">meci-neu-isenburg.de<\/a><\/p>\n<p style=\"padding-left: 40px;\">Bernd K\u00f6berl<br \/>\nSeestra\u00dfe 66<br \/>\n63075 Offenbach am Main<\/p>\n<p style=\"padding-left: 40px;\"><i class=\"dashicons dashicons-phone\"><\/i> 069\/86 43 06<\/p>\n<h3>Adresse<\/h3>\n<p style=\"padding-left: 40px;\">Modelleisenbahn-Club Neu Isenburg e.V.<\/p>\n<p style=\"padding-left: 40px;\">Hugenottenallee 148<\/p>\n<p style=\"padding-left: 40px;\">63263 Neu Isenburg<\/p>\n","protected":false},"excerpt":{"rendered":"<p>Wir bauen und betreiben eine Modelleisenbahn in der Nenngr\u00f6\u00dfe H0. Auch der Bau eines Dioramas in der Nenngr\u00f6\u00dfe I und<\/p>\n","protected":false},"author":2,"featured_media":0,"parent":8,"menu_order":0,"comment_status":"closed","ping_status":"closed","template":"","meta":{"colormag_page_container_layout":"default_layout","colormag_page_sidebar_layout":"default_layout","footnotes":""},"class_list":["post-248","page","type-page","status-publish","hentry"],"_links":{"self":[{"href":"https:\/\/www.efrm.info\/efrm\/wp-json\/wp\/v2\/pages\/248","targetHints":{"allow":["GET"]}}],"collection":[{"href":"https:\/\/www.efrm.info\/efrm\/wp-json\/wp\/v2\/pages"}],"about":[{"href":"https:\/\/www.efrm.info\/efrm\/wp-json\/wp\/v2\/types\/page"}],"author":[{"embeddable":true,"href":"https:\/\/www.efrm.info\/efrm\/wp-json\/wp\/v2\/users\/2"}],"replies":[{"embeddable":true,"href":"https:\/\/www.efrm.info\/efrm\/wp-json\/wp\/v2\/comments?post=248"}],"version-history":[{"count":13,"href":"https:\/\/www.efrm.info\/efrm\/wp-json\/wp\/v2\/pages\/248\/revisions"}],"predecessor-version":[{"id":472,"href":"https:\/\/www.efrm.info\/efrm\/wp-json\/wp\/v2\/pages\/248\/revisions\/472"}],"up":[{"embeddable":true,"href":"https:\/\/www.efrm.info\/efrm\/wp-json\/wp\/v2\/pages\/8"}],"wp:attachment":[{"href":"https:\/\/www.efrm.info\/efrm\/wp-json\/wp\/v2\/media?parent=248"}],"curies":[{"name":"wp","href":"https:\/\/api.w.org\/{rel}","templated":true}]}}